205?
True
Does 2 divide 5151661?
False
Does 2623 divide 494721407?
True
Is 249 a factor of 110847081?
True
Is 379760913 a multiple of 27?
True
Does 522 divide 827591316?
False
Does 146 divide 129177734?
True
Is 542274424 a multiple of 177?
False
Is 346062041 a multiple of 71?
False
Does 28 divide 15360353?
False
Is 627 a factor of 368593236?
True
Is 33 a factor of 63815697?
True
Does 46 divide 58611774?
True
Is 268 a factor of 28982853?
False
Is 85050966 a multiple of 221?
True
Does 435 divide 2521532745?
True
Is 428835216 a multiple of 688?
True
Is 37621055 a multiple of 468?
False
Is 864 a factor of 794299392?
True
Does 8223 divide 2107941381?
True
Does 1671 divide 84007949?
False
Is 33 a factor of 13442638?
False
Does 55 divide 59429613?
False
Is 252363199 a multiple of 12?
False
Is 291076008 a multiple of 139?
True
Does 65 divide 296331555?
True
Is 123657135 a multiple of 581?
True
Is 69 a factor of 30917129?
False
Does 2855 divide 171490442?
False
Is 69752728 a multiple of 4106?
True
Is 1239315099 a multiple of 149?
True
Is 171 a factor of 493848?
True
Is 166887482 a multiple of 11?
False
Does 6 divide 27589777?
False
Does 706 divide 131572984?
True
Is 23622088 a multiple of 174?
False
Is 213 a factor of 362422459?
False
Is 5338489 a multiple of 118?
False
Does 218 divide 106320881?
False
Is 11460370 a multiple of 353?
False
Is 3 a factor of 12126460?
False
Does 4592 divide 96670784?
True
Does 127 divide 729285065?
False
Is 297892455 a multiple of 38?
False
Is 310 a factor of 2110457990?
True
Is 12174628 a multiple of 21?
False
Does 2989 divide 181002560?
False
Is 73 a factor of 72746252?
True
Is 1485171372 a multiple of 41?
True
Does 9 divide 42354862?
False
Does 17 divide 282464145?
False
Does 455 divide 10472990?
False
Is 102 a factor of 463704948?
False
Does 1372 divide 178657928?
False
Is 23059525 a multiple of 58?
False
Is 205 a factor of 70840005?
True
Is 23 a factor of 448615?
True
Is 773019840 a multiple of 8576?
False
Is 295 a factor of 42952590?
True
Does 315 divide 6109979?
False
Is 2594870850 a multiple of 858?
True
Is 2491 a factor of 161516158?
False
Is 138170761 a multiple of 29?
True
Is 113238664 a multiple of 8?
True
Does 493 divide 6486803?
False
Is 94987843 a multiple of 2760?
False
Does 67 divide 618619926?
False
Is 2 a factor of 44921373?
False
Is 8 a factor of 456815?
False
Is 775 a factor of 13344725?
True
Is 29 a factor of 16953936?
False
Does 29 divide 1394820714?
True
Is 44 a factor of 109831832?
True
Does 6 divide 4129009?
False
Is 37 a factor of 161793682?
False
Is 9209695 a multiple of 3?
False
Is 65 a factor of 4612664?
False
Is 135133866 a multiple of 54?
True
Is 2715528 a multiple of 34?
False
Is 708 a factor of 144990686?
False
Does 911 divide 74132625?
True
Does 574 divide 87083640?
False
Is 242 a factor of 28312306?
True
Is 2036314605 a multiple of 15?
True
Is 144 a factor of 88432848?
True
Is 69 a factor of 4326300?
True
Is 78 a factor of 140681604?
False
Does 772 divide 57005504?
False
Does 19 divide 36705199?
False
Is 2 a factor of 4123767?
False
Does 8 divide 82857726?
False
Is 2195011960 a multiple of 106?
True
Is 42 a factor of 387101633?
False
Does 309 divide 8026275?
True
Is 18233241 a multiple of 419?
False
Is 42 a factor of 135138906?
True
Does 3 divide 12483683?
False
Is 3167 a factor of 5182655?
False
Is 465918200 a multiple of 550?
True
Is 12059200 a multiple of 64?
True
Is 285 a factor of 115144845?
True
Is 217941850 a multiple of 14?
True
Is 32 a factor of 219502168?
False
Does 406 divide 16818144?
True
Is 565033833 a multiple of 79?
True
Does 791 divide 210971993?
False
Is 34516969 a multiple of 24?
False
Is 3263 a factor of 112729288?
False
Is 321613252 a multiple of 62?
False
Does 411 divide 29592411?
True
Is 35 a factor of 924890330?
True
Is 74219106 a multiple of 1761?
True
Is 986556063 a multiple of 165?
False
Is 265629471 a multiple of 51?
True
Is 562181152 a multiple of 937?
False
Does 278 divide 3808972798?
True
Is 49716927 a multiple of 48?
False
Does 256 divide 54374835?
False
Does 4 divide 7096861?
False
Does 126 divide 57813514?
False
Does 280 divide 276875201?
False
Is 1496376081 a multiple of 1277?
False
Is 299474376 a multiple of 12?
True
Does 81 divide 40454073?
True
Is 81527679 a multiple of 266?
False
Is 8366790 a multiple of 29?
True
Does 27 divide 17819163?
True
Is 229 a factor of 22164149?
False
Is 1019900 a multiple of 82?
False
Is 212369854 a multiple of 8?
False
Does 867 divide 266539209?
True
Does 1725 divide 2876370225?
True
Is 579602068 a multiple of 3203?
True
Is 33535477 a multiple of 65?
False
Is 603 a factor of 120477236?
False
Does 86 divide 37711039?
False
Does 130 divide 243763520?
True
Does 1091 divide 2552211212?
True
Does 3990 divide 317443063?
False
Is 30 a factor of 256162972?
False
Is 3733 a factor of 290438599?
True
Does 742 divide 74538770?
False
Is 457898337 a multiple of 31?
False
Is 1659739184 a multiple of 613?
True
Is 142956686 a multiple of 95?
False
Does 21 divide 215873553?
True
Is 10593722 a multiple of 63?
False
Does 666 divide 15493824?
True
Does 697 divide 625796357?
False
Is 1525 a factor of 524349900?
True
Is 150463349 a multiple of 36?
False
Is 1216021870 a multiple of 14?
True
Is 11 a factor of 221722950?
False
Does 559 divide 92265536?
False
Is 52 a factor of 41444104?
True
Is 1601282520 a multiple of 80?
False
Is 363 a factor of 9810438?
True
Is 73 a factor of 20560093?
False
Is 3369 a factor of 201659669?
False
Is 31581075 a multiple of 516?
False
Does 17 divide 404960?
False
Is 66 a factor of 2710880634?
True
Is 804336667 a multiple of 761?
True
Is 351 a factor of 32805513?
True
Is 2254 a factor of 49962979?
False
Is 5706405 a multiple of 1016?
False
Is 19230722 even?
True
Is 226665402 a multiple of 1099?
False
Is 341511576 a multiple of 3576?
True
Does 1316 divide 63340214?
False
Is 28279093 a multiple of 555?
False
Does 4726 divide 83016112?
False
Is 32059148 a multiple of 1738?
True
Is 477 a factor of 716004666?
True
Does 14 divide 189092088?
False
Is 608 a factor of 4220128?
True
Is 4171679 a multiple of 97?
True
Is 14 a factor of 1693724611?
False
Does 94 divide 417392524?
True
Is 9992514 a multiple of 318?
True
Is 207770362 a multiple of 151?
False
Is 7 a factor of 213416968?
False
Is 156904015 a multiple of 6414?
False
Is 1392917068 a multiple of 35?
False
Does 48 divide 41431835?
False
Is 2389 a factor of 549847462?
True
Is 16848091 a multiple of 18?
False
Is 283765176 a multiple of 72?
True
Is 644558874 a multiple of 426?
True
Does 283 divide 215382068?
False
Is 71810240 a multiple of 5?
True
Is 109 a factor of 1048116859?
True
Does 2411 divide 426790398?
True
Is 9337680 a multiple of 24?
True
Is 1336641632 a multiple of 269?
True
Does 182 divide 13140946?
True
Does 27 divide 19410381?
True
Is 803865 a multiple of 3?
True
Is 638 a factor of 16543340?
True
Is 381 a factor of 22134576?
True
Is 963442659 a multiple of 116?
False
Does 400 divide 272937200?
True
Does 5 divide 5639972?
False
Does 16 divide 1656993169?
False
Is 324 a factor of 146010600?
True
Does 29 divide 15787020?
True
Is 12 a factor of 112130340?
True
Is 82971180 a multiple of 90?
True
Does 202 divide 3641843521?
False
Is 310 a factor of 317315380?
True
Is 764207696 a multiple of 856?
True
Is 715 a factor of 12309071?
False
Is 31371607 a multiple of 47?
True
Is 91 a factor of 38291708?
True
Is 32594479 a multiple of 84?
False
Is 780747591 a multiple of 12816?
False
Is 1628 a factor of 102052808?
True
Does 357 divide 12063387?
True
Is 5 a factor of 141842115?
True
Is 55 a factor of 49398250?
True
Does 373 divide 88312599?
True
Is 566741744 a multiple of 14?
False
Is 39750836 a multiple of 890?
False
Is 256255 a multiple of 5?
True
Does 44 divide 80190768?
False
Is 1700332 even?
True
Is 111547751 a multiple of 34?
False
Is 364891220 a multiple of 5?
True
Does 20 divide 72842260?
True
Does 301 divide 5127463?
False
Is 358077652 a multiple of 44?
False
Is 219 a factor of 144978930?
False
Is 43288521 a multiple of 10?
False
Does 47 divide 4561378?
False
Is 6 a factor of 84553752?
True
Does 170 divide 1586785100?
True
Is 111623946 a multiple of 19?
False
Is 109000 a multiple of 40?
True
Does 39 divide 122104045?
False
Is 874063007 a multiple of 53?
False
